 m and 69.
23
Let s = 7213 + -7153. What is the greatest common factor of 500 and s?
20
Suppose -9*o - 3*j = -5*o - 813, 3*j = -5*o + 1017. Suppose n - 528 = -10*n. Calculate the greatest common divisor of o and n.
12
Let z be 4/18 - (-394)/9. Let h be (-124520)/(-154) - (-6)/14. Let b = h + -787. Calculate the greatest common divisor of z and b.
22
Let r = 1309 - 1304. What is the highest common divisor of 13645 and r?
5
Suppose -239 - 1776 = -31*d. Let t be -2 + (3 - (-4 + -120)). Let s = t - d. What is the greatest common factor of 12 and s?
12
Let i = -505 + 513. Suppose 82 + 6 = i*l. What is the greatest common factor of l and 539?
11
Let u(f) = 317*f**2 - 147*f - 1010. Let d be u(-7). What is the highest common factor of d and 96?
96
Let z(f) = 3*f**3 - 18*f**2 - 5*f + 49. Let l be z(6). Calculate the greatest common factor of l and 5149.
19
Suppose 2135*o - 2137*o + 6350 = 0. Calculate the highest common divisor of 50 and o.
25
Suppose 0 = -2*b - 2*p + 82, 309*p - 79 = -2*b + 308*p. What is the highest common divisor of 5111 and b?
19
Suppose 4*q + 5*h - 13 = 23, -3*h = -12. Suppose -36 = m + 3*m. Let t = q - m. Calculate the highest common divisor of 143 and t.
13
Let b(z) = z**3 + 5*z**2 + 14*z - 24. Let q be b(10). What is the highest common divisor of 48 and q?
16
Let m(z) = -11*z**2 - z**3 + 0 - 2*z - 8*z + 3*z**2 + 18*z**2 + 8. Let l = 17 + -9. Let p be m(l). Calculate the highest common factor of p and 8.
8
Suppose 151 - 13 = -w. Let k = w + 151. Calculate the highest common factor of k and 481.
13
Let g(d) = d**3 + 15*d**2 + 14*d + 5. Let r be g(-14). Let l be (41 - r) + -4*1. Let j = l - -14. What is the greatest common factor of j and 115?
23
Let q be (-2)/(6/(-12)*1). Suppose -3*h - 2*x = -7*x - 200, -q*h = 5*x - 220. Let s = 75 - 51. What is the highest common divisor of h and s?
12
Let r = -19367 - -19497. Suppose -g + 61 = -3*d, -5*g - 3*d + 9 = -242. What is the greatest common divisor of g and r?
26
Suppose -1428 = -5*x - 46*x. Let a be -2*(-37)/2 + 5. What is the greatest common divisor of x and a?
14
Let j(l) = 46*l**2 - 102*l - 31. Let y be j(5). What is the greatest common factor of y and 725?
29
Let y(x) = 70*x + 2*x**2 + 7*x + 311 - 16*x - 287. Let h be y(-31). Calculate the highest common divisor of h and 253.
11
Let q(r) = 2*r**2 - 47*r + 228. Let y be q(18). Let a = 248 - 168. What is the highest common divisor of a and y?
10
Let r = -2691 + 2742. Calculate the highest common divisor of 21 and r.
3
Let j be (-80)/(-14) + (-4)/(-14). Suppose 0 = j*t - 2*t - 12. Suppose 26 = d - 3*b, -7*b + 2*b + 106 = t*d. What is the greatest common factor of 8 and d?
8
Let i(a) = -126*a**2 - 37*a - 6. Let w be i(-6). Let s be (1/2)/((-24)/w). Let r = -17 - -26. What is the greatest common divisor of r and s?
9
Suppose -60841 + 15337 = -8*x. Calculate the highest common divisor of x and 72.
72
Let u(d) = d + 4. Let f be u(-15). Let t(i) be the first derivative of -11*i**2/2 - 23*i - 2. Let r be t(f). Calculate the highest common factor of r and 14.
14
Suppose 0*j + 10 = j. Let m(i) = -i**3 + 11*i**2 - 20. Suppose 3*s + 5 = 2*z, -z - 7 = -5*s + 8. Let q be m(z). Calculate the highest common divisor of q and j.
10
Let n be 2 + 0 + -10 - 8*(-4 + -273). What is the highest common factor of 1518 and n?
138
Suppose 4*s - 8*s + 312 = 0. Let p = -76 + s. Suppose 6*c - 80 = -3*f + p*c, 2*c = 2*f - 30. What is the highest common divisor of f and 10?
10
Let u(x) = -2*x + 279. Let k be u(-25). Calculate the greatest common divisor of k and 893.
47
Let s(d) = 9*d**2 - d - 1. Let p be s(-1). Suppose -10*m + 18 = -32. Suppose -6 = -4*y - 14, -188 = -m*v + 4*y. Calculate the highest common divisor of v and p.
9
Suppose -3*f + k = -0*f + 627, 825 = -4*f + 5*k. Let i = f + 298. Calculate the highest common divisor of 11 and i.
11
Let h = 7127 + -4479. What is the greatest common divisor of h and 16?
8
Let h(z) = 1024*z - 3062. Let x be h(3). Calculate the highest common factor of x and 1670.
10
Suppose -4*f = 5*w - 605, 2*f + 484 = 18*w - 14*w. What is the highest common divisor of 11132 and w?
121
Let c = -49 + 72. Suppose -i - 54 = c. Let u = 92 + i. What is the highest common divisor of 195 and u?
15
Let r = -148 + -177. Let f be r/(-25) + ((-3)/(-1))/1. Suppose -3*z + 7 - 1 = 0. Calculate the highest common divisor of f and z.
2
Let p = -164 - -201. Let z = p + 40. Calculate the greatest common divisor of z and 33.
11
Suppose 4*l - 92 = 84. Let z = -76 + l. Let x = z - -39. Calculate the highest common divisor of 28 and x.
7
Let h(t) = -167*t + 5688. Let k be h(34). Let g(b) = 14*b + 6. Let w be g(6). Calculate the highest common divisor of k and w.
10
Let o be (-40)/220 - 4/(-22). Suppose -4*s - 4*r + 924 = -o*s, 0 = -2*s + 5*r + 441. What is the highest common divisor of 38 and s?
38
Let m = 221 + -67. Let o(a) = -7*a - 41. Let k be o(-9). Calculate the highest common divisor of m and k.
22
Let x = 656 + -323. What is the greatest common factor of x and 72?
9
Suppose 0 = 3*r - 4*k - 6384, 6*k - 2*k + 8512 = 4*r. Suppose -r = -134*y + 120*y. What is the greatest common factor of 133 and y?
19
Suppose 7*w - 120 = 139. Let k(h) = -4 - 1 - 6*h - 2*h + 0*h**3 - 2*h**2 - h**3. Let c be k(-7). What is the greatest common factor of c and w?
37
Let h be (-120)/((1/((-25)/(-15) + -1))/(-5)). Calculate the highest common factor of h and 2960.
80
Suppose -2*c + 3 + 1 = 0. Suppose 2*u = -l + 2, -135 + 46 = -4*l + u. What is the highest common factor of l and c?
2
Let x(w) = -8*w - 26. Suppose -7*a - 18 = -a. Let h be (a/(-1) - -2)/(-1). Let y be x(h). What is the greatest common factor of 7 and y?
7
Let w be (-12)/4*(-3)/1. Suppose w*o - 13*o = -108. What is the greatest common divisor of 9 and o?
9
Suppose -2*i + 4*f = -7*i + 397, 3*f = 9. Suppose 12*a - 64 - 68 = 0. Suppose 39 = a*l - 38. Calculate the greatest common factor of l and i.
7
Suppose 2*h + j + 8 = 0, -8 = 3*j + j. Let g be (972/(-2))/(h/(-6)*-3). What is the greatest common factor of g and 108?
108
Let k = -2596 + 2624. Let i(d) = 19*d - 3. Let x be i(2). Calculate the highest common factor of x and k.
7
Let j be -6*(-92)/120 - 4/(-10). Suppose j*c = -0*c - 2*k + 2150, 4*c + 3*k = 1720. What is the highest common divisor of 10 and c?
10
Suppose -y - y = -204. Let c be (-88 + y)/(1/8*1). Suppose -16*g + c = -8*g. What is the greatest common factor of g and 154?
14
Suppose -737 = -2*k - 17*p + 12*p, -p + 717 = 2*k. Calculate the greatest common divisor of 11926 and k.
178
Let o = -9627 + 10577. Calculate the highest common factor of 57 and o.
19
Let k(z) = 124*z**2 + 5*z + 178. Let w be k(-4). What is the highest common factor of w and 210?
42
Suppose 3485 = -18*q - 5587. Let v be (q/(-10))/(26/(-975)*-5). Calculate the greatest common factor of v and 14.
14
Let q(x) = 6*x**2 + 25*x - 967. Let f be q(33). Calculate the highest common factor of 8 and f.
8
Let m be 1 - 5/(-2) - 16/32. Suppose -8*p - 2*n + 191 = -5*p, -4*p + 249 = -m*n. Calculate the highest common divisor of 28 and p.
7
Let n(k) = k**2 - 4*k + 8. Let m be n(4). Let h = m + 6. Suppose -2*i + 12 + h = 0. What is the greatest common factor of 91 and i?
13
Let x(z) = -6*z**2 - 70 + 2*z**3 - 41 - 26*z + 111. Let g be x(6). Calculate the highest common factor of 84 and g.
12
Let g = 11 + -9. Let s be 3/2*2 - g. Let d(a) = 21*a**3 - a**2. Let l be d(s). Calculate the greatest common divisor of 40 and l.
20
Suppose -5*q + 4 = 5*p - 1, 0 = -q - 5*p + 1. Suppose 57 = 14*u + q. Calculate the highest common factor of 4 and u.
4
Suppose g - 6 = 0, 0 = 22*n - 24*n - 3*g + 7618. Calculate the greatest common divisor of 57 and n.
19
Let g(v) = v + 9. Let m be g(-2). Suppose 3*s = 2*s + m. Suppose s*t - 12*t = -120. What is the greatest common factor of 36 and t?
12
Let n = -5816 + 5836. What is the greatest common factor of n and 4060?
20
Let q(x) = 13*x**3 - 8*x**2 - 12*x + 20. Let f be q(4). What is the greatest common divisor of f and 832?
52
Suppose 0 = -4*k - 2*s + 266, 38 = -2*k - 4*s + 174. Let b = 517499 + -517125. Calculate the highest common divisor of b and k.
22
Let b(w) = -16*w**3 - w**2 + 2*w. Let j be b(-2). Suppose -31*u - 3425 = 6619. Let l = u - -348. What is the highest common divisor of l and j?
24
Let m(n) = n**3 - 